ue
Let z(y) be the third derivative of y**6/120 + y**5/60 - y**4/24 + 7*y**3/2 - 8*y**2. Is z(0) a multiple of 5?
False
Suppose -z + 5*i - 336 + 1461 = 0, -5*z + i + 5721 = 0. Does 54 divide z?
False
Let s(q) = q + 1. Let c(l) = -4*l - 29. Let o(r) = c(r) + 2*s(r). Is o(-17) a multiple of 6?
False
Let y(q) be the third derivative of -q**6/120 + 11*q**5/30 - 19*q**4/24 + 2*q**3/3 - 7*q**2. Is y(21) a multiple of 46?
True
Let f = -3033 - -4869. Does 27 divide f?
True
Let h(q) = -q + 14. Let b be h(11). Suppose -60 = 2*k + b*x, k - 64 = 3*k + 4*x. Let l = k - -34. Is l a multiple of 4?
False
Suppose 0*w + 16 = 4*w. Suppose -w*z + 9*z - 735 = 0. Does 46 divide z?
False
Let g(l) be the first derivative of 5*l**4/2 + l**3/3 - 7*l**2/2 + 2*l + 6. Does 12 divide g(2)?
True
Is 301 + (7 + -3)/(-1) a multiple of 33?
True
Let n = -29 + 476. Suppose 5*o = -m + 743, 3*m = -3*o + 2*m + n. Is o a multiple of 17?
False
Let k = -3 + 20. Let g(l) = l**3 - 17*l**2 + 3*l - 24. Let o be g(k). Suppose -o = -4*u + 49. Is u a multiple of 11?
False
Suppose -n - 2*l = -0*l - 15, 0 = 2*n + 5*l - 35. Suppose -5*c + 4*w - 6 = 0, 2 = 3*c - 4*w + 12. Suppose n*t - 316 = -c*g, t + 3*g = g + 60. Does 9 divide t?
False
Let h be (-8)/(-20)*(2 - -13). Suppose -h = 2*k - 14. Suppose k*o + 5 = 29. Is 6 a factor of o?
True
Let l = 3 - 2. Let y(q) = -q**3 - 19*q**2 - 19*q - 16. Let c be y(-18). Is (-1)/l*(-10)/c even?
False
Suppose 7*q - 4*l = 6*q + 764, q = l + 779. Does 5 divide q?
False
Does 61 divide (-5220)/(4*-1) + (-37 - -33)?
False
Let f = 0 - -3. Suppose 3*q - 3*v - 9 = 0, 2*q + 4*v + 12 = 7*q. Suppose -f*o + 31 + 2 = q. Is o a multiple of 4?
False
Let x = 200 - 26. Let u = x + -37. Is u a multiple of 13?
False
Suppose 0 = 5*v - 8*v - 108. Is (0 - -1)/((-1)/v) a multiple of 6?
True
Let b = -3 - -33. Suppose 5*z - 27 = d + d, b = 5*z - 5*d. Suppose -2*l = -3*l + z. Is l a multiple of 5?
True
Let i(r) = -r**2 - 5*r + 2. Let h be i(-5). Suppose h*q = 4*q - 4. Let z(p) = 12*p - 5. Does 8 divide z(q)?
False
Let v(i) be the second derivative of -73*i**5/20 - i**3/3 - i**2/2 + 2*i. Is 37 a factor of v(-1)?
True
Suppose -8*f - 1317 = -429. Let v = -63 - f. Does 12 divide v?
True
Does 12 divide -6 - -8 - (-1277 - (-2 - -1))?
False
Suppose -27 = -5*t - 3*d, -2*d + 29 = 4*t - 7*d. Is t/48 + (-175)/(-8) a multiple of 11?
True
Suppose -52 = -2*w + 4*r, -2*w + 3*r + 30 = -w. Suppose 2*i - 60 = -w. Suppose -i = -d - 0*d. Is d a multiple of 14?
False
Let j(w) = w**2 - 4*w + 17. Let r(c) = -c**3 + 4*c**2 + 8*c - 7. Let v be r(5). Is 29 a factor of j(v)?
False
Suppose 0 = 3*h - 4*r - 514, 0*h - 340 = -2*h + 2*r. Is 29 a factor of h?
False
Suppose -8336 + 1186 = -13*m. Is 25 a factor of m?
True
Let x(n) = n**3 - 8*n**2 + 10*n + 4. Let r be x(8). Suppose -5*w + r = -4*w. Suppose g - 3*s = -2*s + w, g - 81 = 2*s. Is 24 a factor of g?
False
Let z = 103 + -7. Is 3 a factor of z?
True
Let i(r) = -2*r + 22. Is i(-10) a multiple of 13?
False
Let l be (-484)/6 + 88/(-66). Let u = 17 - l. Does 10 divide u?
False
Let d(k) = 5*k**2 - 25*k + 273. Is d(17) a multiple of 24?
False
Let t(u) = u**3 - 20*u + 20. Is 5 a factor of t(10)?
True
Let z(y) = -5*y - 40. Suppose -4*m = -8*m - 68. Does 12 divide z(m)?
False
Suppose -5*x + 1400 = -5*m, -2*m - 725 - 391 = -4*x. Is 24 a factor of x?
False
Suppose 0*a + 5*x = -2*a + 29, 3*a + 19 = 5*x. Let o be 2/(-3) + (-64)/(-6). Suppose o = j + a. Does 4 divide j?
True
Let l(n) = n**2 + 8*n + 9. Let h = 15 - 22. Let q be l(h). Suppose -116 = -2*v + 4*z, q*z - z = 4*v - 211. Does 12 divide v?
False
Let k be 2/5 - (-2)/(-5). Let a(j) = j**3 - 13*j**2 + 23*j - 7. Let b be a(11). Suppose k = w - b - 7. Is 3 a factor of w?
False
Suppose -g = j - 8, -24 = -0*j - 3*j + 4*g. Let b = -14 + j. Let t(y) = -7*y - 8. Is 17 a factor of t(b)?
True
Let c(u) = 48*u + 345. Does 2 divide c(-7)?
False
Suppose -3*g + 0*g = -15. Suppose m = t + 4*t - 59, -3*m = -g*t + 67. Suppose -t*u = -9*u - 18. Does 8 divide u?
False
Suppose -5*r = -5*o + 65, r = -o - 4*r + 1. Let l = o - -4. Does 2 divide l?
False
Suppose 0 = -5*k + 2*k - 4*y + 24, 0 = 5*y. Suppose -b = b - k. Suppose -i = -l - 59 - 1, -b*i = -l - 249. Is i a multiple of 21?
True
Let t(s) = 11*s - 196. Is 40 a factor of t(36)?
True
Suppose 5*i - 2*p + 3*p = 15, -5*i - 4*p = -30. Suppose i*m + 12 = 6*m. Suppose -70 = -l + 2*v + 33, -m*l + 2*v + 293 = 0. Does 19 divide l?
True
Suppose 4*j - 2*j - 10 = 0. Suppose 4*l + 80 = -o + 6*o, j*o + 3*l = 80. Is o a multiple of 4?
True
Let l(r) = -r**3 + 18*r**2 - 17*r + 24. Let p be l(17). Suppose -p = -w - 2. Does 11 divide w?
True
Let i(w) = -25*w**3 - w - 6. Does 14 divide i(-3)?
True
Suppose 25*q - 21*q - 4 = 0. Let i = 49 - q. Is 4 a factor of i?
True
Suppose 2*v + 7*m - 2*m + 214 = 0, -5*m = 20. Let b = 233 + v. Does 34 divide b?
True
Suppose -18 = -4*k - 6. Suppose k*g - 33 = 231. Suppose -5*v + v - 4*j + g = 0, -v + 4*j = -22. Does 11 divide v?
True
Let f(m) = 21*m**2 - 8*m + 12. Let n(g) = g**2 - 1. Let l(u) = f(u) + 5*n(u). Is l(1) even?
False
Let y be 10 - (-3)/(12/(-16)). Does 22 divide 10/(6/10 - 3/y)?
False
Suppose q + 6 - 10 = 0. Suppose -r + 170 = -q*w, -3*r + 250 = -4*w - 292. Does 25 divide r?
False
Suppose -4*c + 2*g = -74, -19*c + 16*c + 5*g = -45. Is c a multiple of 10?
True
Suppose 80*h = 4*y + 76*h - 1524, 5*y - 1887 = -h. Is y a multiple of 63?
True
Let o(y) = 99*y + 42. Does 3 divide o(7)?
True
Suppose -4870 + 19122 = 28*f. Is f a multiple of 73?
False
Suppose 320 = h - 0*h. Is 54 a factor of h?
False
Suppose 2*j + 5960 = 7*j. Is 9 a factor of j?
False
Suppose 12*i = 15*i - 12. Suppose 2*m = i*o - 376, 4*o = m - 2*m + 388. Does 12 divide o?
True
Let n(a) = 3*a**3 + a**2 + a + 3. Let v be n(2). Suppose -5*r = -v - 82. Is 7 a factor of r?
False
Let j = 10 + -19. Is 780/(-8)*6/j a multiple of 13?
True
Let b(o) = -o**3 - 3*o**2 - 2*o - 1. Let k be b(-3). Suppose 2*c - c = -5*r + 253, 0 = -k*r. Let m = c + -164. Is 25 a factor of m?
False
Let z(q) = 72*q**3 - q**2 + 3*q - 2. Let l be z(1). Suppose l = 2*h - w, -64 = -5*h - 2*w + 134. Does 5 divide h?
False
Suppose 0 = 12*w - 10*w - 6. Is w/12 - (-258)/24 a multiple of 9?
False
Does 15 divide -5*1 - (-11 + 1 + -17)?
False
Suppose -4*w + 5*u = -0*w - 11668, -5804 = -2*w - 5*u. Is w a multiple of 73?
False
Let v(u) = -u + 9. Let z be v(5). Suppose -o - 16 = -f, -z*f = -o + 2*o - 64. Does 5 divide f?
False
Let x(f) = 49*f - 184. Is 29 a factor of x(15)?
True
Is 5 a factor of -2 + 5 + 48 + 676?
False
Let z = 785 + -772. Does 9 divide z?
False
Let a(h) = -29*h + 2. Let p be a(-1). Suppose -2*b + 100 = -3*t, 0 = 2*b + 4*t - 63 - 51. Let u = b - p. Is 22 a factor of u?
True
Let w be 5 - 5/(15/(-9)). Suppose w*i - 330 = 3*i. Let y = -37 + i. Is y a multiple of 8?
False
Let n(w) = w**2 - 19. Let l(c) = c - 9. Let o be l(9). Let b be n(o). Let j = b - -36. Does 3 divide j?
False
Let n(h) = h**3 + 12*h**2 + h - 14. Is n(-10) a multiple of 12?
False
Suppose -256 - 284 = -6*a. Does 9 divide (-2 - 0)*a/(-20)?
True
Suppose 118742 = -79*z + 300995. Is 30 a factor of z?
False
Let h = 10 + -10. Let u be (h - 1)/((-11)/22). Suppose u = 2*g - 36. Is 19 a factor of g?
True
Let o be (-9)/(-2 - 532/(-272)). Suppose b + 3*j = -39, 4*j - o = 4*b + 32. Does 9 divide (4 - 2)*b/(-12)?
True
Suppose 64*w = 31*w + 60918. Does 142 divide w?
True
Suppose 4*f + 40 = -2*d, 0 = -5*d + f + 2*f - 139. Is (-524)/d - (-14)/(-91) a multiple of 10?
True
Suppose -4*b - 7 + 17 = 2*d, 4*d = -3*b + 5. Suppose -170 = -b*y - 2*y. Does 6 divide y?
False
Suppose 2*u = -p + 1, 3*p - 4*p + 5 = 0. Does 5 divide (1*-1)/(6/(-114)) - u?
False
Is 11 a factor of -7 + 5 + 756 + -7?
False
Let c = -89 - -92. Let s = 1 - 1. Suppose -c*u + 0 = -t + 20, s = -4*t - 4*u + 48. Does 14 divide t?
True
Let u be (610/9)/(-1) + (-10)/45. Let n = 78 + u. Is n a multiple of 3?
False
Suppose -13*y - 109 + 1877 = 0. Let d = y + -44. Does 4 divide d?
True
Let n = 205 - 108. Let h = n - 33. Is 16 a factor of h?
True
Let k(r) = 3*r + 3. Let u be (-165)/(-35) - 2/(-7). Suppose 3*s = 2*a + 43, -2*s + 3*a = u*a - 12. Is 10 a factor of k(s)?
False
Let g be 34 - 9*4/12. Let b(h) = h**3 + 8. Let w be b(0). Suppose -w + g = m. Is m a multiple of 9?
False
Let y be -278*((-2)/(-4) + -1) + -1. Let d = y - 80. Is d